[INFO] cloning repository https://github.com/Entscheider/depthhead
[INFO] running `Command { std: "git" "-c" "credential.helper=" "-c" "credential.helper=/workspace/cargo-home/bin/git-credential-null" "clone" "--bare" "https://github.com/Entscheider/depthhead" "/workspace/cache/git-repos/https%3A%2F%2Fgithub.com%2FEntscheider%2Fdepthhead", kill_on_drop: false }`
[INFO] [stderr] Cloning into bare repository '/workspace/cache/git-repos/https%3A%2F%2Fgithub.com%2FEntscheider%2Fdepthhead'...
[INFO] running `Command { std: "git" "rev-parse" "HEAD", kill_on_drop: false }`
[INFO] [stdout] 8146e1ce03882e31e9fd67d4c00a2175a1ed0a6b
[INFO] building Entscheider/depthhead against master#881c1ac408d93bb7adaa3a51dabab9266e82eee8 for issue-85264
[INFO] running `Command { std: "git" "clone" "/workspace/cache/git-repos/https%3A%2F%2Fgithub.com%2FEntscheider%2Fdepthhead" "/workspace/builds/worker-8/source", kill_on_drop: false }`
[INFO] [stderr] Cloning into '/workspace/builds/worker-8/source'...
[INFO] [stderr] done.
[INFO] validating manifest of git repo https://github.com/Entscheider/depthhead on toolchain 881c1ac408d93bb7adaa3a51dabab9266e82eee8
[INFO] running `Command { std: "/workspace/cargo-home/bin/cargo" "+881c1ac408d93bb7adaa3a51dabab9266e82eee8" "metadata" "--manifest-path" "Cargo.toml" "--no-deps", kill_on_drop: false }`
[INFO] started tweaking git repo https://github.com/Entscheider/depthhead
[INFO] finished tweaking git repo https://github.com/Entscheider/depthhead
[INFO] tweaked toml for git repo https://github.com/Entscheider/depthhead written to /workspace/builds/worker-8/source/Cargo.toml
[INFO] crate git repo https://github.com/Entscheider/depthhead already has a lockfile, it will not be regenerated
[INFO] running `Command { std: "/workspace/cargo-home/bin/cargo" "+881c1ac408d93bb7adaa3a51dabab9266e82eee8" "fetch" "--manifest-path" "Cargo.toml", kill_on_drop: false }`
[INFO] [stderr]  Downloading crates ...
[INFO] [stderr]   Downloaded smallvec v0.1.8
[INFO] [stderr]   Downloaded wayland-scanner v0.7.8
[INFO] [stderr]   Downloaded wayland-kbd v0.6.3
[INFO] [stderr]   Downloaded serde_derive v1.0.36
[INFO] [stderr]   Downloaded wayland-sys v0.7.8
[INFO] [stderr]   Downloaded generic-array v0.2.1
[INFO] [stderr]   Downloaded itertools v0.6.5
[INFO] [stderr]   Downloaded x11-dl v2.17.3
[INFO] [stderr]   Downloaded wayland-client v0.7.8
[INFO] [stderr]   Downloaded env_logger v0.5.6
[INFO] [stderr]   Downloaded serde v1.0.36
[INFO] [stderr]   Downloaded glutin v0.7.4
[INFO] [stderr]   Downloaded serde_derive_internals v0.22.2
[INFO] [stderr]   Downloaded glium v0.16.0
[INFO] [stderr]   Downloaded nalgebra v0.11.2
[INFO] [stderr]   Downloaded genmesh v0.4.3
[INFO] [stderr]   Downloaded freenectrs v0.1.0
[INFO] [stderr]   Downloaded stamm v0.2.0
[INFO] [stderr]   Downloaded image v0.17.0
[INFO] [stderr]   Downloaded obj v0.5.0
[INFO] [stderr]   Downloaded serde_json v1.0.13
[INFO] [stderr]   Downloaded quickcheck v0.2.27
[INFO] [stderr]   Downloaded wayland-window v0.4.4
[INFO] [stderr]   Downloaded winit v0.5.11
[INFO] [stderr]   Downloaded imageproc v0.12.0
[INFO] running `Command { std: "docker" "create" "-v" "/var/lib/crater-agent-workspace/builds/worker-8/target:/opt/rustwide/target:rw,Z" "-v" "/var/lib/crater-agent-workspace/builds/worker-8/source:/opt/rustwide/workdir:ro,Z" "-v" "/var/lib/crater-agent-workspace/cargo-home:/opt/rustwide/cargo-home:ro,Z" "-v" "/var/lib/crater-agent-workspace/rustup-home:/opt/rustwide/rustup-home:ro,Z" "-e" "SOURCE_DIR=/opt/rustwide/workdir" "-e" "CARGO_TARGET_DIR=/opt/rustwide/target" "-e" "CARGO_HOME=/opt/rustwide/cargo-home" "-e" "RUSTUP_HOME=/opt/rustwide/rustup-home" "-w" "/opt/rustwide/workdir" "-m" "1610612736" "--user" "0:0" "--network" "none" "ghcr.io/rust-lang/crates-build-env/linux@sha256:20528e8c29e4536546f0102ce88568b16ea7538393a33fcca951030f7af10457" "/opt/rustwide/cargo-home/bin/cargo" "+881c1ac408d93bb7adaa3a51dabab9266e82eee8" "metadata" "--no-deps" "--format-version=1", kill_on_drop: false }`
[INFO] [stdout] 1152a556bc3aba7e8782f7a91cf4748c591c60703e0c419e454d4728720c3c57
[INFO] [stderr] WARNING: Your kernel does not support swap limit capabilities or the cgroup is not mounted. Memory limited without swap.
[INFO] running `Command { std: "docker" "start" "-a" "1152a556bc3aba7e8782f7a91cf4748c591c60703e0c419e454d4728720c3c57", kill_on_drop: false }`
[INFO] running `Command { std: "docker" "inspect" "1152a556bc3aba7e8782f7a91cf4748c591c60703e0c419e454d4728720c3c57", kill_on_drop: false }`
[INFO] running `Command { std: "docker" "rm" "-f" "1152a556bc3aba7e8782f7a91cf4748c591c60703e0c419e454d4728720c3c57", kill_on_drop: false }`
[INFO] [stdout] 1152a556bc3aba7e8782f7a91cf4748c591c60703e0c419e454d4728720c3c57
[INFO] running `Command { std: "docker" "create" "-v" "/var/lib/crater-agent-workspace/builds/worker-8/target:/opt/rustwide/target:rw,Z" "-v" "/var/lib/crater-agent-workspace/builds/worker-8/source:/opt/rustwide/workdir:ro,Z" "-v" "/var/lib/crater-agent-workspace/cargo-home:/opt/rustwide/cargo-home:ro,Z" "-v" "/var/lib/crater-agent-workspace/rustup-home:/opt/rustwide/rustup-home:ro,Z" "-e" "SOURCE_DIR=/opt/rustwide/workdir" "-e" "CARGO_TARGET_DIR=/opt/rustwide/target" "-e" "CARGO_INCREMENTAL=0" "-e" "RUST_BACKTRACE=full" "-e" "RUSTFLAGS=--cap-lints=forbid" "-e" "CARGO_HOME=/opt/rustwide/cargo-home" "-e" "RUSTUP_HOME=/opt/rustwide/rustup-home" "-w" "/opt/rustwide/workdir" "-m" "1610612736" "--user" "0:0" "--network" "none" "ghcr.io/rust-lang/crates-build-env/linux@sha256:20528e8c29e4536546f0102ce88568b16ea7538393a33fcca951030f7af10457" "/opt/rustwide/cargo-home/bin/cargo" "+881c1ac408d93bb7adaa3a51dabab9266e82eee8" "build" "--frozen" "--message-format=json", kill_on_drop: false }`
[INFO] [stdout] ca1aed1acc7927eaca77f4dd093b4f304165eced9a2052fe2894cb09242bb7db
[INFO] [stderr] WARNING: Your kernel does not support swap limit capabilities or the cgroup is not mounted. Memory limited without swap.
[INFO] running `Command { std: "docker" "start" "-a" "ca1aed1acc7927eaca77f4dd093b4f304165eced9a2052fe2894cb09242bb7db", kill_on_drop: false }`
[INFO] [stderr]    Compiling lazy_static v1.0.0
[INFO] [stderr]    Compiling nodrop v0.1.12
[INFO] [stderr]    Compiling scopeguard v0.3.3
[INFO] [stderr]    Compiling winapi-build v0.1.1
[INFO] [stderr]    Compiling byteorder v1.0.0
[INFO] [stderr]    Compiling winapi v0.2.8
[INFO] [stderr]    Compiling adler32 v1.0.2
[INFO] [stderr]    Compiling cc v1.0.9
[INFO] [stderr]    Compiling utf8-ranges v0.1.3
[INFO] [stderr]    Compiling void v1.0.2
[INFO] [stderr]    Compiling color_quant v1.0.0
[INFO] [stderr]    Compiling approx v0.1.1
[INFO] [stderr]    Compiling bitflags v1.0.1
[INFO] [stderr]    Compiling ucd-util v0.1.1
[INFO] [stderr]    Compiling regex v0.2.10
[INFO] [stderr]    Compiling rustc-demangle v0.1.7
[INFO] [stderr]    Compiling serde v1.0.36
[INFO] [stderr]    Compiling utf8-ranges v1.0.0
[INFO] [stderr]    Compiling itoa v0.4.1
[INFO] [stderr]    Compiling dtoa v0.4.2
[INFO] [stderr]    Compiling memchr v0.1.11
[INFO] [stderr]    Compiling memchr v2.0.1
[INFO] [stderr]    Compiling proc-macro2 v0.2.3
[INFO] [stderr]    Compiling num-complex v0.1.43
[INFO] [stderr]    Compiling itertools v0.6.5
[INFO] [stderr]    Compiling arrayvec v0.4.7
[INFO] [stderr]    Compiling unreachable v1.0.0
[INFO] [stderr]    Compiling inflate v0.3.4
[INFO] [stderr]    Compiling rand v0.3.22
[INFO] [stderr]    Compiling deflate v0.7.18
[INFO] [stderr]    Compiling stb_truetype v0.2.2
[INFO] [stderr]    Compiling num-bigint v0.1.43
[INFO] [stderr]    Compiling gif v0.9.2
[INFO] [stderr]    Compiling regex-syntax v0.5.3
[INFO] [stderr]    Compiling kernel32-sys v0.2.2
[INFO] [stderr]    Compiling aho-corasick v0.5.3
[INFO] [stderr]    Compiling aho-corasick v0.6.4
[INFO] [stderr]    Compiling generic-array v0.2.1
[INFO] [stderr]    Compiling thread_local v0.3.5
[INFO] [stderr]    Compiling crossbeam-epoch v0.3.1
[INFO] [stderr]    Compiling rusttype v0.2.3
[INFO] [stderr]    Compiling quote v0.4.2
[INFO] [stderr]    Compiling alga v0.5.3
[INFO] [stderr]    Compiling png v0.11.0
[INFO] [stderr]    Compiling syn v0.12.15
[INFO] [stderr]    Compiling crossbeam-deque v0.2.0
[INFO] [stderr]    Compiling thread-id v2.0.0
[INFO] [stderr]    Compiling thread_local v0.2.7
[INFO] [stderr]    Compiling rayon-core v1.4.0
[INFO] [stderr]    Compiling nalgebra v0.11.2
[INFO] [stdout] error[E0311]: the parameter type `K` may not live long enough
[INFO] [stdout]   --> /opt/rustwide/cargo-home/registry/src/github.com-1ecc6299db9ec823/rusttype-0.2.3/src/support/bst/map.rs:81:19
[INFO] [stdout]    |
[INFO] [stdout] 81 |             match node.force() {
[INFO] [stdout]    |                   ^^^^
[INFO] [stdout]    |
[INFO] [stdout] note: the parameter type `K` must be valid for the anonymous lifetime defined on the function body at 78:37...
[INFO] [stdout]   --> /opt/rustwide/cargo-home/registry/src/github.com-1ecc6299db9ec823/rusttype-0.2.3/src/support/bst/map.rs:78:37
[INFO] [stdout]    |
[INFO] [stdout] 78 |                 node: node::NodeRef<marker::Immut, K, V, marker::LeafOrInternal>)
[INFO] [stdout]    |                                     ^^^^^^^^^^^^^
[INFO] [stdout] 
[INFO] [stdout] 
[INFO] [stdout] error[E0311]: the parameter type `V` may not live long enough
[INFO] [stdout]   --> /opt/rustwide/cargo-home/registry/src/github.com-1ecc6299db9ec823/rusttype-0.2.3/src/support/bst/map.rs:81:19
[INFO] [stdout]    |
[INFO] [stdout] 81 |             match node.force() {
[INFO] [stdout]    |                   ^^^^
[INFO] [stdout]    |
[INFO] [stdout] note: the parameter type `V` must be valid for the anonymous lifetime defined on the function body at 78:37...
[INFO] [stdout]   --> /opt/rustwide/cargo-home/registry/src/github.com-1ecc6299db9ec823/rusttype-0.2.3/src/support/bst/map.rs:78:37
[INFO] [stdout]    |
[INFO] [stdout] 78 |                 node: node::NodeRef<marker::Immut, K, V, marker::LeafOrInternal>)
[INFO] [stdout]    |                                     ^^^^^^^^^^^^^
[INFO] [stdout] 
[INFO] [stdout] 
[INFO] [stdout] error: aborting due to 2 previous errors
[INFO] [stdout] 
[INFO] [stdout] 
[INFO] [stderr]    Compiling regex v0.1.80
[INFO] [stderr] error: could not compile `rusttype`
[INFO] [stderr] 
[INFO] [stderr] To learn more, run the command again with --verbose.
[INFO] [stderr] warning: build failed, waiting for other jobs to finish...
[INFO] [stdout] error[E0119]: conflicting implementations of trait `std::ops::Mul<&_>` for type `geometry::translation::TranslationBase<_, _, _>`
[INFO] [stdout]    --> /opt/rustwide/cargo-home/registry/src/github.com-1ecc6299db9ec823/nalgebra-0.11.2/src/geometry/isometry_ops.rs:68:9
[INFO] [stdout]     |
[INFO] [stdout] 68  | /         impl<$($lives ,)* N, D: DimName, S, R> $Op<$Rhs> for $Lhs
[INFO] [stdout] 69  | |             where N: Real,
[INFO] [stdout] 70  | |                   S: OwnedStorage<N, D, U1>,
[INFO] [stdout] 71  | |                   R: Rotation<PointBase<N, D, S>>,
[INFO] [stdout] ...   |
[INFO] [stdout] 78  | |             }
[INFO] [stdout] 79  | |         }
[INFO] [stdout]     | |         ^
[INFO] [stdout]     | |         |
[INFO] [stdout]     | |_________first implementation here
[INFO] [stdout]     |           conflicting implementation for `geometry::translation::TranslationBase<_, _, _>`
[INFO] [stdout] ...
[INFO] [stdout] 286 | / isometry_binop_impl_all!(
[INFO] [stdout] 287 | |     Mul, mul;
[INFO] [stdout] 288 | |     self: TranslationBase<N, D, S>, right: R, Output = IsometryBase<N, D, S, R>;
[INFO] [stdout] 289 | |     [val val] => IsometryBase::from_parts(self, right);
[INFO] [stdout] ...   |
[INFO] [stdout] 292 | |     [ref ref] => IsometryBase::from_parts(self.clone(), right.clone());
[INFO] [stdout] 293 | | );
[INFO] [stdout]     | |__- in this macro invocation
[INFO] [stdout]     |
[INFO] [stdout]     = note: downstream crates may implement trait `alga::linear::Rotation<geometry::point::PointBase<_, _, _>>` for type `&_`
[INFO] [stdout]     = note: this error originates in a macro (in Nightly builds, run with -Z macro-backtrace for more info)
[INFO] [stdout] 
[INFO] [stdout] 
[INFO] [stdout] error[E0119]: conflicting implementations of trait `std::ops::Mul<&_>` for type `&geometry::translation::TranslationBase<_, _, _>`
[INFO] [stdout]    --> /opt/rustwide/cargo-home/registry/src/github.com-1ecc6299db9ec823/nalgebra-0.11.2/src/geometry/isometry_ops.rs:68:9
[INFO] [stdout]     |
[INFO] [stdout] 68  | /         impl<$($lives ,)* N, D: DimName, S, R> $Op<$Rhs> for $Lhs
[INFO] [stdout] 69  | |             where N: Real,
[INFO] [stdout] 70  | |                   S: OwnedStorage<N, D, U1>,
[INFO] [stdout] 71  | |                   R: Rotation<PointBase<N, D, S>>,
[INFO] [stdout] ...   |
[INFO] [stdout] 78  | |             }
[INFO] [stdout] 79  | |         }
[INFO] [stdout]     | |         ^
[INFO] [stdout]     | |         |
[INFO] [stdout]     | |_________first implementation here
[INFO] [stdout]     |           conflicting implementation for `&geometry::translation::TranslationBase<_, _, _>`
[INFO] [stdout] ...
[INFO] [stdout] 286 | / isometry_binop_impl_all!(
[INFO] [stdout] 287 | |     Mul, mul;
[INFO] [stdout] 288 | |     self: TranslationBase<N, D, S>, right: R, Output = IsometryBase<N, D, S, R>;
[INFO] [stdout] 289 | |     [val val] => IsometryBase::from_parts(self, right);
[INFO] [stdout] ...   |
[INFO] [stdout] 292 | |     [ref ref] => IsometryBase::from_parts(self.clone(), right.clone());
[INFO] [stdout] 293 | | );
[INFO] [stdout]     | |__- in this macro invocation
[INFO] [stdout]     |
[INFO] [stdout]     = note: downstream crates may implement trait `alga::linear::Rotation<geometry::point::PointBase<_, _, _>>` for type `&_`
[INFO] [stdout]     = note: this error originates in a macro (in Nightly builds, run with -Z macro-backtrace for more info)
[INFO] [stdout] 
[INFO] [stdout] 
[INFO] [stdout] error: aborting due to 2 previous errors
[INFO] [stdout] 
[INFO] [stdout] 
[INFO] [stdout] For more information about this error, try `rustc --explain E0119`.
[INFO] [stdout] 
[INFO] [stderr] error: build failed
[INFO] running `Command { std: "docker" "inspect" "ca1aed1acc7927eaca77f4dd093b4f304165eced9a2052fe2894cb09242bb7db", kill_on_drop: false }`
[INFO] running `Command { std: "docker" "rm" "-f" "ca1aed1acc7927eaca77f4dd093b4f304165eced9a2052fe2894cb09242bb7db", kill_on_drop: false }`
[INFO] [stdout] ca1aed1acc7927eaca77f4dd093b4f304165eced9a2052fe2894cb09242bb7db
